{"id":33,"date":"2014-10-01T11:55:29","date_gmt":"2014-10-01T09:55:29","guid":{"rendered":"http:\/\/www.computerisierung.com\/?page_id=33"},"modified":"2015-03-05T18:03:40","modified_gmt":"2015-03-05T16:03:40","slug":"teilprojekt-1-staatliche-kontrolle-in-der-digitalen-gesellschaft-der-computerausbau-in-west-und-ostdeutschen-polizeibehoerden-und-nachrichtendiensten-ca-1965-1990","status":"publish","type":"page","link":"https:\/\/www.computerisierung.com\/?page_id=33","title":{"rendered":"STAATLICHE KONTROLLE IN DER DIGITALEN GESELLSCHAFT."},"content":{"rendered":"<p class=\"Ueberschrift-1\"><strong>Der Computerausbau in west- und ostdeutschen Polizeibeh\u00f6rden und Nachrichtendiensten, ca. 1965-1990.<\/strong><\/p>\n<p class=\"Ueberschrift-1\">Projektbearbeiter: <a title=\"Dr. R\u00fcdiger Bergien\" href=\"http:\/\/www.zzf-pdm.de\/site\/699\/default.aspx\">Dr. R\u00fcdiger Bergien<\/a><\/p>\n<p class=\"Ueberschrift-1\">In beiden deutschen Staaten nutzten Polizeibeh\u00f6rden und Nachrichtendienste Computer besonders fr\u00fchzeitig und umfassend. In beiden F\u00e4llen verlief die Computereinf\u00fchrung in analogen Phasen: Sie begann noch in den 1960er Jahren mit dem Ausbau von Rechenzentren und zentralen Datenbanken und setzte sich mit der Verbreitung von Terminals in nachgeordneten Dienststellen im Laufe der 1970er Jahre fort. Und so weitgehend sich die konkreten Ziele der \u201edigitalen \u00dcberwachung\u201c in Demokratie und Diktatur auch unterschieden: In beiden F\u00e4llen waren mit der Computereinf\u00fchrung Utopien gesellschaftlicher Kontroll- und Steuerungsm\u00f6glichkeiten verkn\u00fcpft, die in Westdeutschland seit den sp\u00e4ten 1970er Jahren auf zivilgesellschaftlichen Protest stie\u00dfen und denen in der DDR Anfang 1990 der zentrale \u201eRunde Tisch\u201c dramatisch widersprach, indem er die \u00f6ffentliche Vernichtung der Datenbanken des MfS anordnete.<\/p>\n<p class=\"GrundtextL\">Das Vorhaben nimmt diese Analogien zum Ausgangspunkt f\u00fcr eine vergleichende Untersuchung des Computereinsatzes des Ministeriums f\u00fcr Staatssicherheit, des Bundeskriminalamts sowie des Bundesamtes f\u00fcr Verfassungsschutz. Es untersucht anhand der konkreten Arbeitspraxis dieser Beh\u00f6rden, wie der Computereinsatz Organisationsstrukturen, Kommunikationskan\u00e4le und, nicht zuletzt, Fahndungs- und \u00dcberwachungspraktiken ver\u00e4nderte. Es geht davon aus, dass die Computereinf\u00fchrung in Ost und West nicht nur Effizienzgewinne und Ermittlungserfolge brachte, sondern dass diese die Beh\u00f6rden auch auf in nicht-intendierte Weise ver\u00e4nderte: Sie f\u00fchrte zu einer Verschiebung von internen Hierarchien und der\u00a0 Neuformierung der \u201eInformationsgemeinschaften\u201c derjenigen, die Zugang zu exklusiven Wissensbest\u00e4nden hatten. Schlie\u00dflich ver\u00e4nderte sie die \u201emental maps\u201c, die die Polizisten und Geheimdienstler von den sie umgebenden Gesellschaften besa\u00dfen. Inwieweit dieser Ver\u00e4nderungen auch die Organisationskulturen der Beh\u00f6rden und deren Rolle im jeweiligen politischen System ber\u00fchrten, z\u00e4hlt zu den Leitfragestellungen des Projekts.<\/p>\n<div id=\"attachment_260\" style=\"width: 730px\" class=\"wp-caption alignnone\"><a href=\"http:\/\/www.computerisierung.com\/wp-content\/uploads\/2015\/03\/ueberwachung03.jpg\"><img loading=\"lazy\" decoding=\"async\" aria-describedby=\"caption-attachment-260\" class=\"size-large wp-image-260\" src=\"http:\/\/www.computerisierung.com\/wp-content\/uploads\/2015\/03\/ueberwachung03-1024x431.jpg\" alt=\"ESER-Rechner des MfS\" width=\"720\" height=\"303\" srcset=\"https:\/\/www.computerisierung.com\/wp-content\/uploads\/2015\/03\/ueberwachung03-1024x431.jpg 1024w, https:\/\/www.computerisierung.com\/wp-content\/uploads\/2015\/03\/ueberwachung03-300x126.jpg 300w\" sizes=\"auto, (max-width: 720px) 100vw, 720px\" \/><\/a><p id=\"caption-attachment-260\" class=\"wp-caption-text\">ESER-Rechner des MfS Mitte der 1980er-Jahre. (Foto: BStU, MfS, Abt. XIII, Fo Nr. 2, Bild 2)<\/p><\/div>\n","protected":false},"excerpt":{"rendered":"<p>Der Computerausbau in west- und ostdeutschen Polizeibeh\u00f6rden und Nachrichtendiensten, ca. 1965-1990. Projektbearbeiter: Dr. R\u00fcdiger Bergien In beiden deutschen Staaten nutzten Polizeibeh\u00f6rden und Nachrichtendienste Computer besonders fr\u00fchzeitig und umfassend. In beiden F\u00e4llen verlief die Computereinf\u00fchrung in analogen Phasen: Sie begann noch in den 1960er Jahren mit dem Ausbau von Rechenzentren und zentralen Datenbanken und setzte sich [&hellip;]<\/p>\n","protected":false},"author":1,"featured_media":0,"parent":0,"menu_order":0,"comment_status":"open","ping_status":"open","template":"","meta":{"footnotes":""},"class_list":["post-33","page","type-page","status-publish","hentry","post"],"_links":{"self":[{"href":"https:\/\/www.computerisierung.com\/index.php?rest_route=\/wp\/v2\/pages\/33","targetHints":{"allow":["GET"]}}],"collection":[{"href":"https:\/\/www.computerisierung.com\/index.php?rest_route=\/wp\/v2\/pages"}],"about":[{"href":"https:\/\/www.computerisierung.com\/index.php?rest_route=\/wp\/v2\/types\/page"}],"author":[{"embeddable":true,"href":"https:\/\/www.computerisierung.com\/index.php?rest_route=\/wp\/v2\/users\/1"}],"replies":[{"embeddable":true,"href":"https:\/\/www.computerisierung.com\/index.php?rest_route=%2Fwp%2Fv2%2Fcomments&post=33"}],"version-history":[{"count":5,"href":"https:\/\/www.computerisierung.com\/index.php?rest_route=\/wp\/v2\/pages\/33\/revisions"}],"predecessor-version":[{"id":261,"href":"https:\/\/www.computerisierung.com\/index.php?rest_route=\/wp\/v2\/pages\/33\/revisions\/261"}],"wp:attachment":[{"href":"https:\/\/www.computerisierung.com\/index.php?rest_route=%2Fwp%2Fv2%2Fmedia&parent=33"}],"curies":[{"name":"wp","href":"https:\/\/api.w.org\/{rel}","templated":true}]}}